2/2 - 11*o + 103176. Suppose 54 = -t + 5*t - d, 3 = t + 5*d. Give h(t).
2
Suppose 5*t - 5*u - 20 = 0, -2*u - 18 = -4*t - 4. Let f(d) = 2*d + 89*d**2 - d**3 - 84*d**2 + d + t. Determine f(5).
18
Suppose -15 = 5*d + 5*l, -16*d + 19*d - 11 = l. Let s(i) be the second derivative of 1/6*i**3 + 0 + 10*i - 3*i**d. Give s(0).
-6
Let s(i) be the third derivative of -5*i**4/24 - 41*i**3/2 - 2281*i**2. Calculate s(-24).
-3
Let d(o) = -o**3 + 17*o**2 + 20*o - 9. Suppose -415*h + 411*h = 3*b - 78, 5*b = 2*h - 26. Determine d(h).
27
Let q(z) = -z**3 - 29*z**2 - 55*z - 24. Let l be q(-27). Let w(i) = -2*i + 2. Let o be w(1). Suppose -l*a = -o*a + 6. Let j(d) = d**2 + d - 1. What is j(a)?
1
Let u = 146 - 151. Suppose 2*l + 4*p = -2*l + 16, -3*l + 5*p = -4. Let d(n) = n**2 - n**2 - 6*n**2 + 0*n**2 - 5*n - n**l - 1. Determine d(u).
-1
Let u(s) = s + 11. Let c be -1 - (-100)/8 - (-3)/(-6). Suppose c*q - 211 + 310 = 0. Determine u(q).
2
Let i(t) = -t**2 + 15*t - 21. Let r be (0 - 1)/((-2)/28). Determine i(r).
-7
Let u(c) = -2*c + 10. Let z(w) = -w**2 - 23*w - 62. Let b be z(-19). Suppose -82 = 12*f + b. Determine u(f).
26
Let j(t) be the third derivative of -t**5/15 + 13*t**4/24 + 29*t**3/6 + 6311*t**2. Calculate j(5).
-6
Let o(h) be the first derivative of -h**3/3 - h**2/2 - 27*h - 210. Give o(0).
-27
Let y(w) = -57*w. Suppose -341 = 51*j - 290. Calculate y(j).
57
Let w(k) = -k**2 - 6*k + 2. Suppose -3*l - 15*l - 3*l + 105 = 0. Determine w(l).
-53
Let v(j) be the first derivative of j**2/2 + 2*j + 119. Suppose -9 = 5*l - 24. Let x(a) = 2*a + 1. Let m(z) = l*v(z) - 2*x(z). Determine m(5).
-1
Suppose -4*i = 4*h - 160, -h + 4*h + 4*i = 118. Let f be 8/44*-1 - h/11. Let b(c) = -c**2 - 2*c + 1. Determine b(f).
-7
Let j(g) = g**2 - 13*g - 28. Let l be j(22). Let y(n) = -l + 83 - n**2 + 82 + 8*n. What is y(5)?
10
Let s = 27244 - 27238. Let q(w) = w**3 - 6*w**2 - 4*w + 29. Calculate q(s).
5
Let t(y) = 5*y**3 + 53*y**2 - 2*y - 8. Let g(s) = 9*s**3 + 98*s**2 - 4*s - 14. Let b(p) = -6*g(p) + 11*t(p). Suppose -4*z = -9*z + 25. Give b(z).
6
Let t(x) = x**2 - x. Suppose -5*p = -3*l + 20 + 3, -l - 5*p - 19 = 0. Suppose 3*w + 4*y = -l - 4, 5*w = 4*y + 45. Suppose -w*b + 21 = 11. Calculate t(b).
2
Let t = -64 + 70. Suppose 0 = 2*l - 2*b + 2, -l = -3*b - 4 + 15. Let w(n) = n - l + 2 - 9. Give w(t).
-5
Let d(g) be the third derivative of -1/60*g**6 + 0*g - 42*g**2 - 8/3*g**3 + 0*g**5 + 0 - 1/24*g**4. Let y(l) be the first derivative of d(l). Give y(1).
-7
Let p(t) be the third derivative of 1/3*t**3 + 0*t - t**2 + 0 + 1/20*t**5 + 1/120*t**6 - 1/4*t**4. Suppose -105*i - 251 = 274. Determine p(i).
-18
Let b(f) = -f + 5. Let m = 131 + 14. Suppose 3*d - 169 = -m. Calculate b(d).
-3
Let l be (8/10)/2*8075/646. Let n(q) = q**3 - 5*q**2 + 5*q - 20. Calculate n(l).
5
Let y(u) = -4*u**2 - 16*u + 23. Let k be y(-5). Let o(f) be the third derivative of f**6/120 - f**5/60 - f**4/4 + 7*f**3/6 + 11*f**2. Determine o(k).
7
Let h(w) = -w**3 + 32*w**2 - 64*w + 4. Let v be h(30). Let y = v - -109. Let z(o) = -o**2 - 8*o + 3. Give z(y).
10
Let q(s) be the second derivative of -s**4/12 + 13*s**3/6 - 35*s**2/2 + 2097*s. Calculate q(8).
5
Suppose 4*p - 3*u = -32, -51*p - 5*u + 15 = -50*p. Let q(g) = -2*g**2 - 11*g - 4. Calculate q(p).
1
Let d(x) = -217*x. Let h(y) = 867*y + 7. Let u(p) = -4*d(p) - h(p). Suppose -k + 6 + 3 = 0. Determine u(k).
2
Let h(f) = 19*f**3 + 43*f**2 + 100*f + 134. Let m(u) = 3*u**3 + 7*u**2 + 16*u + 22. Let i(n) = 4*h(n) - 25*m(n). Calculate i(4).
2
Suppose -5*d + 15 = -5*z, -3*d = 3 - 12. Suppose 17*x + 4 = 19*x. Let a(h) = -2*h**x - 2 + 6*h**2 - h**3 - 5 - 3*h**2. Give a(z).
-7
Let l(j) = -6*j**2 - 31*j - 31. Suppose 23 = 2*t - 84*h + 89*h, -4*t - 19 = -3*h. What is l(t)?
-6
Suppose 230*u = 232*u + 5*q + 18, -16 = 2*u + 4*q. Let b(d) = -2*d**2 - 9*d - 9. What is b(u)?
-5
Let s be (-4)/(-6)*84/8. Let o(z) be the first derivative of -2*z**3/3 + 7*z**2 - 7*z - 7671. What is o(s)?
-7
Let k(m) = -m**2 + 17*m - 35. Let t be k(3). Let l(o) = o**3 - 4*o**2 - 14*o + 4. What is l(t)?
53
Let g(c) = -233*c - 713. Let v be g(-3). Let h(p) = p**2 + 7*p - 57. Determine h(v).
41
Let u(i) be the first derivative of -14*i**3/3 - i**2/2 + i - 428. Let c be 2/6*-3*-1. Suppose 0 = -3*q + 4*q - c. Calculate u(q).
-14
Suppose 2*p - 35 = -5*p. Let x(q) = 5*q + 11*q - p + 7 + 3*q**2 - 21*q. Give x(3).
14
Let v(a) = 3*a**3 - 24*a**2 + 17*a + 11. Let q(f) = 2*f**3 - 13*f**2 + 9*f + 5. Let o(g) = -5*q(g) + 3*v(g). Determine o(-6).
-64
Let g be (1440/(-300))/(2 + 17/(-10)). Let q(p) = -2*p - 67. What is q(g)?
-35
Let s(m) = -121*m + 431. Let b(k) = 24*k - 85. Let d(w) = -14*b(w) - 3*s(w). Calculate d(4).
5
Let v(h) = -2*h**2 - 56*h + 50. Let s = -235 + 206. What is v(s)?
-8
Let h(j) = -318*j - 8 - 386*j + 732*j. What is h(4)?
104
Let n(g) = -9*g**3 + 21*g**2 - 17*g + 6. Let j(q) = -5*q**3 + 11*q**2 - 9*q + 3. Let c(l) = -7*j(l) + 4*n(l). Determine c(6).
9
Let a(h) be the third derivative of h**5/60 - 7*h**4/24 - 4*h**3/3 - 4082*h**2 - 3*h. Suppose -6*q = -q - 40. Calculate a(q).
0
Let g be ((-2)/8)/(-7 - 135/(-18))*-12. Let d(x) = -10*x + 67. What is d(g)?
7
Let i(v) = -v**2 - 9*v - 5. Suppose 1 + 5 = 3*a. Suppose -3*s = 5*q + 2 - 22, 5*s + 5*q = 20. Suppose s = -k + 5*f + 3, 2*f + 8 = -a*f. What is i(k)?
9
Suppose -5*k - 19*w + 84 = -21*w, 5*k = -w + 63. Let p(y) = -y**2 + 18*y - 59. Calculate p(k).
-3
Let d(q) = -17*q + 15*q - 32 - 46 + 101 - 39. Let f(k) = -k**3 - 5*k**2 - 5. Let i be f(-5). Give d(i).
-6
Let d(s) = s - 3. Let w be (58 - 67)/(9/10). Determine d(w).
-13
Let y(i) = i**3 + 7*i**2 - 8*i - 2. Let k be (-620)/(-22) + 0 - 42/231. Suppose 20 + k = -6*o. Calculate y(o).
-2
Let q(f) = -2*f + 5. Let l = 2742 + -2737. Calculate q(l).
-5
Let n(a) be the second derivative of a**4/12 - 16*a**3/3 - 421*a**2/2 + 37*a + 46. What is n(42)?
-1
Let r = 111 + -110. Let q(j) = -9*j + 6. Let t(x) = 1 - 2 + 9*x - 8*x. Let a(g) = q(g) + 6*t(g). Determine a(r).
-3
Let d(o) = -29*o**2 + 7*o - 2. Let h(k) = 4*k**2 - 4*k + 1. Let g(f) = -d(f) - 3*h(f). What is g(-2)?
57
Let r(q) = q + 3. Let f be r(-5). Let c(d) be the second derivative of 57 - 1/12*d**4 + d + 1/2*d**2 - 1/6*d**3. Determine c(f).
-1
Let b(a) be the first derivative of -a**2 - a + 12. Let x = 38 - 36. Suppose 0 = -x*j - 6. Calculate b(j).
5
Suppose -27 + 9 = -3*r - 5*c, -3*r + 18 = -3*c. Let n(z) = -2*z**2 + 6*z + 1. Let y(j) = 13*j**2 - 36*j. Let l(i) = 7*n(i) + y(i). Give l(r).
7
Let x(u) = -50*u**3 - 6*u**2 - 24*u**3 + 3 - 6*u + 73*u**3. Give x(-6).
39
Let b(w) = 1543*w - 260 - 200 - 498*w - 518*w - 504*w. What is b(20)?
0
Suppose -2*w = 35 + 93. Let k = -64 - w. Suppose 2*p = 4 - k. Let i(o) = -3*o**2 + 4*o - 3. Give i(p).
-7
Let d(f) be the third derivative of -f**9/8640 + f**8/20160 - f**6/720 - f**5/10 + 3*f**2 + 29*f. Let g(r) be the third derivative of d(r). Determine g(1).
-7
Let j(y) = -2*y - 7. Let r be 2820/9 - (-105)/63. Let c = r + -321. Determine j(c).
5
Let v(a) = 5*a - 2. Let l = 3991 - 3990. Give v(l).
3
Suppose -117*a + 168 = -89*a. Let d(q) = -q - 18. Calculate d(a).
-24
Let l(d) = 2*d**2 - d. Let n be l(-1). Suppose -4*w + 31 = w + 3*f, -7 = -2*w - n*f. Suppose -21*z + 17*z - w = 0. Let p(r) = -3*r**2 + 3*r + 2. Determine p(z).
-16
Let s(p) = -5*p + 0*p + 3*p**3 - 2*p**3 - 3*p**2 - 4 + 10*p. Let d be s(2). Suppose -9 + 1 = d*c. Let g(i) = i**3 + 3*i**2 - 2*i + 2. Calculate g(c).
-6
Let j(n) = 45*n + 275. Suppose -175*q - 3348 = 383*q. Calculate j(q).
5
Let d(o) be the first derivative of 1/3*o**3 + 3*o**2 - 150 + o. Give d(-6).
1
Let o(b) = 9*b + 64. Let z be (544/(-476))/((-2)/(-14)). Calculate o(z).
-8
Let j(z) = z + 45. Let y be 1/(-2)*(97 - 11). What is j(y)?
2
Suppose m + 3 + 9 = -4*y, 4*m - 5*y + 132 = 0. Let j(z) = -z**3 - 26*z**2 + 57*z + 24. Give j(m).
-4
Let q(j) = 31*j - 235. Let g(x) = -76*x + 588. Let d(b) = -5*g(b) - 12*q(b). Determine d(14).
-8
Suppose 3*n = -0*n - l + 8, 0 = l - 2. Suppose -3*o - 9 = n*u - u, 4*u - 4*o = -4. Let a be 1/5*(-2 + u). Let c(d) = -18*d**2 + d + 1. Give c(a).
-18
Let b(g) be the second derivative of -g**5/20 + g**4/2 - 4*g**3/3 + 3*g**2/2 - 63*g + 12. Give b(5).
-12
Let u(s) = -2*s - 4. Let c(h) = h**2 - 6*h + 15. Let t be c(8). Let x = 29 + t. Let v = x + -65. Determine u(v).
6
